) to base 9.
227
Convert -10 (base 3) to base 5.
-3
Convert 23 (base 6) to base 4.
33
Convert 111 (base 3) to base 15.
d
d (base 14) to base 6
21
31 (base 4) to base 5
23
What is 0 (base 13) in base 14?
0
What is -1 (base 9) in base 2?
-1
Convert 1101110 (base 2) to base 10.
110
3 (base 8) to base 3
10
Convert -23 (base 4) to base 8.
-13
6 (base 11) to base 4
12
What is 3 (base 15) in base 14?
3
Convert -10110010 (base 2) to base 8.
-262
15a (base 14) to base 12
1b0
Convert 11 (base 2) to base 8.
3
5 (base 12) to base 4
11
Convert 3 (base 4) to base 15.
3
What is -11 (base 2) in base 12?
-3
Convert 31 (base 5) to base 14.
12
0 (base 4) to base 15
0
Convert 187 (base 13) to base 11.
235
What is -2 (base 16) in base 7?
-2
-6 (base 8) to base 11
-6
What is -1013 (base 4) in base 14?
-51
-20 (base 3) to base 7
-6
Convert 23 (base 16) to base 8.
43
Convert 230 (base 11) to base 9.
335
Convert 104 (base 6) to base 12.
34
Convert -1111 (base 3) to base 11.
-37
What is -9a (base 13) in base 16?
-7f
What is 153 (base 9) in base 6?
333
Convert 24 (base 5) to base 2.
1110
27 (base 10) to base 4
123
What is -1a1 (base 12) in base 13?
-175
Convert 11 (base 2) to base 11.
3
21 (base 8) to base 14
13
12 (base 5) to base 2
111
What is -4 (base 7) in base 11?
-4
Convert -111 (base 2) to base 14.
-7
-103 (base 4) to base 9
-21
12 (base 11) to base 7
16
What is -1 (base 8) in base 12?
-1
Convert -11 (base 2) to base 5.
-3
What is 5 (base 16) in base 6?
5
What is -4 (base 7) in base 8?
-4
Convert -127 (base 11) to base 12.
-106
Convert -201 (base 3) to base 13.
-16
-21a (base 13) to base 15
-191
1 (base 12) to base 8
1
Convert -12 (base 3) to base 8.
-5
41 (base 13) to base 10
53
Convert -131 (base 10) to base 7.
-245
322 (base 4) to base 9
64
What is -1 (base 8) in base 12?
-1
4 (base 7) to base 11
4
What is 1b (base 16) in base 11?
25
What is -12 (base 6) in base 4?
-20
-2 (base 4) to base 9
-2
What is -4 (base 9) in base 16?
-4
Convert 2 (base 4) to base 2.
10
Convert -3 (base 12) to base 15.
-3
Convert -20 (base 7) to base 14.
-10
What is 10 (base 4) in base 10?
4
2 (base 10) to base 14
2
35 (base 15) to base 6
122
What is 3 (base 12) in base 8?
3
-30 (base 4) to base 3
-110
9 (base 11) to base 9
10
-114 (base 7) to base 8
-74
45 (base 16) to base 3
2120
1 (base 8) to base 14
1
Convert 3 (base 7) to base 3.
10
Convert 0 (base 4) to base 15.
0
Convert -77 (base 10) to base 9.
-85
2 (base 12) to base 9
2
Convert -10 (base 3) to base 14.
-3
Convert -126 (base 10) to base 8.
-176
Convert -17b (base 12) to base 5.
-1424
86 (base 12) to base 13
7b
What is -203 (base 6) in base 16?
-4b
0 (base 13) to base 12
0
What is 222 (base 3) in base 13?
20
What is -244 (base 6) in base 15?
-6a
What is 37 (base 14) in base 15?
34
-21 (base 7) to base 8
-17
-2102 (base 3) to base 16
-41
Convert -4 (base 13) to base 9.
-4
Convert -31 (base 5) to base 2.
-10000
What is -12 (base 15) in base 8?
-21
Convert -140 (base 5) to base 15.
-30
Convert 12 (base 6) to base 10.
8
-24 (base 5) to base 2
-1110
-2 (base 4) to base 9
-2
What is -3 (base 7) in base 8?
-3
Convert 2 (base 4) to base 6.
2
What is 1 (base 3) in base 12?
1
Convert 2 (base 16) to base 14.
2
111 (base 11) to base 10
133
Convert -15 (base 12) to base 15.
-12
-3 (base 8) to base 5
-3
-2 (base 6) to base 16
-2
Convert -2102 (base 4) to base 2.
-10010010
What is 6 (base 11) in base 6?
10
0 (base 11) to base 9
0
5 (base 6) to base 4
11
What is -3 (base 5) in base 14?
-3
What is -3 (base 5) in base 8?
-3
What is 4 (base 11) in base 10?
4
27 (base 9) to base 5
100
Convert 5c (base 15) to base 10.
87
156 (base 7) to base 9
110
What is 1110 (base 2) in base 15?
e
3 (base 13) to base 11
3
3 (base 15) to base 16
3
-10 (base 3) to base 14
-3
Convert 10 (base 13) to base 10.
13
Convert -2 (base 10) to base 11.
-2
Convert 90 (base 16) to base 4.
2100
What is -7 (base 12) in base 6?
-11
What is -3 (base 9) in base 2?
-11
0 (base 3) to base 16
0
What is d (base 14) in base 2?
1101
-100 (base 9) to base 7
-144
-24 (base 8) to base 3
-202
What is 19 (base 12) in base 2?
10101
118 (base 10) to base 9
141
What is -8 (base 13) in base 8?
-10
-7 (base 11) to base 14
-7
-2141 (base 5) to base 8
-450
What is 153 (base 8) in base 14?
79
What is 5 (base 7) in base 3?
12
Convert 3 (base 10) to base 15.
3
What is -10100101 (base 2) in base 15?
-b0
Convert -a (base 16) to base 15.
-a
Convert 11 (base 3) to base 5.
4
Convert 3 (base 6) to base 7.
3
Convert 15 (base 15) to base 16.
14
Convert -4 (base 12) to base 3.
-11
Convert -185 (base 11) to base 13.
-136
13 (base 5) to base 9
8
Convert -13 (base 5) to base 14.
-8
What is 22 (base 6) in base 4?
32
What is -131 (base 4) in base 13?
-23
120 (base 4) to base 3
220
10 (base 4) to base 11
4
What is 14 (base 7) in base 6?
15
What is 0 (base 16) in base 6?
0
Convert 100 (base 2) to base 3.
11
Convert 2 (base 11) to base 12.
2
What is 9 (base 15) in base 2?
1001
What is 101 (base 2) in base 3?
12
What is 110 (base 9) in base 11?
82
-54 (base 8) to base 7
-62
What is 0 (base 15) in base 7?
0
What is -3 (base 7) in base 15?
-3
Convert -101 (base 6) to base 9.
-41
Convert -312 (base 4) to base 12.
-46
1 (base 10) to base 8
1
Convert 121 (base 3) to base 4.
100
What is 32 (base 16) in base 2?
110010
6 (base 9) to base 14
6
Convert -362 (base 8) to base 9.
-288
What is -1100100 (base 2) in base 16?
-64
Convert -60 (base 11) to base 7.
-123
Convert -200 (base 3) to base 16.
-12
What is 4 (base 15) in base 4?
10
Convert -3 (base 4) to base 8.
-3
Convert 16 (base 12) to base 5.
33
-2 (base 9) to base 7
-2
2 (base 10) to base 4
2
Convert -6 (base 14) to base 11.
-6
Convert -5 (base 7) to base 16.
-5
-61 (base 7) to base 12
-37
Convert -111 (base 3) to base 8.
-15
What is 26 (base 9) in base 10?
24
What is 8 (base 15) in base 3?
22
-302 (base 5) to base 4
-1031
Convert -31 (base 8) to base 7.
-34
Convert 1 (base 2) to base 12.
1
-5 (base 15) to base 16
-5
0 (base 5) to base 16
0
0 (base 7) to base 11
0
Convert -2 (base 6) to base 8.
-2
What is -3 (base 6) in base 11?
-3
Convert -111001 (base 2) to base 16.
-39
Convert -98 (base 10) to base 6.
-242
-10 (base 4) to base 11
-4
Convert 15 (base 14) to base 3.
201
What is 16 (base 13) in base 14?
15
Convert 1 (base 10) to base 7.
1
What is 41 (base 14) in base 15?
3c
-15 (base 13) to base 4
-102
What is -26 (base 9) in base 7?
-33
0 (base 10) to base 13
0
Convert 21 (base 5) to base 11.
10
What is -10 (base 2) in base 3?
-2
What is -3 (base 13) in base 14?
-3
Convert 7 (base 8) to base 4.
13
Convert 3 (base 13) to base 10.
3
What is 9 (base 11) in base 5?
14
What is 10 (base 15) in base 7?
21
Convert 1 (base 4) to base 11.
1
What is 131 (base 13) in base 15?
de
What is 20 (base 3) in base 5?
11
Convert -32 (base 13) to base 15.
-2b
-7 (base 9) to base 3
-21
What is 3 (base 9) in base 16?
3
1 (base 6) to base 3
1
Convert -199 (base 11) to base 8.
-345
Convert -4 (base 12) to base 14.
-4
What is -9 (base 16) in base 12?
-9
Convert -4 (base 6) to base 14.
-4
Convert -12 (base 7) to base 6.
-13
What is 215 (base 7) in base 9?
132
Convert 6 (base 15) to base 11.
6
Convert 0 (base 13) to base 9.
0
Convert -5 (base 10) to base 16.
-5
-22 (base 8) to base 15
-13
3 (base 9) to base 13
3
What is -36 (base 9) in base 8?
-41
What is -310 (base 4) in base 12?
-44
Convert -17 (base 10) to base 8.
-21
What is 32 (base 4) in base 11?
13
What is 5 (base 12) in base 7?
5
-2b (base 13) to base 11
-34
Convert -63 (base 7) to base 10.
-45
-31 (base 8) to base 13
-1c
-4 (base 9) to base 5
-4
What is 0 (base 3) in base 2?
0
What is -101 (base 6) in base 11?
-34
21 (base 3) to base 15
7
1310 (base 6) to base 11
280
What is -17 (base 10) in base 7?
-23
Convert 3 (base 16) to base 8.
3
What is -13 (base 6) in base 16?
-9
4 (base 11) to base 12
4
Convert -1 (base 7) to base 12.
-1
Convert 12 (base 3) to base 13.
5
Convert 3 (base 8) to base 15.
3
Convert -516 (base 7) to base 9.
-316
Convert 1c (base 16) to base 15.
1d
What is 69 (base 11) in base 5?
300
What is 51 (base 12) in base 11?
56
-2 (base 6) to base 2
-10
10010001 (base 2) to base 3
12101
Convert 25 (base 7) to base 3.
201
Convert 1 (base 9) to base 14.
1
22 (base 14) to base 9
33
0 (base 4) to base 8
0
1330 (base 5) to base 4
3113